{"id":74,"date":"2024-11-16T19:28:22","date_gmt":"2024-11-16T19:28:22","guid":{"rendered":"https:\/\/www.abrasan.com.tr\/?page_id=74"},"modified":"2025-08-11T11:43:56","modified_gmt":"2025-08-11T11:43:56","slug":"iletisim","status":"publish","type":"page","link":"https:\/\/www.abrasan.com.tr\/index.php\/iletisim\/","title":{"rendered":"\u0130leti\u015fim"},"content":{"rendered":"\n<!DOCTYPE html>\n<html lang=\"tr\">\n<head>\n<meta charset=\"UTF-8\">\n<meta name=\"viewport\" content=\"width=device-width, initial-scale=1.0\">\n<title>\u0130leti\u015fim<\/title>\n<style>\n    body {\n        font-family: Arial, sans-serif;\n        line-height: 1.6;\n        margin: 0;\n        padding: 0;\n        background-color: #f4f4f9;\n        color: #333;\n        padding-top: 100px; \/* Men\u00fc y\u00fcksekli\u011fine g\u00f6re ayarla *\/\n    }\n\n    .container {\n        max-width: 1200px;\n        margin: 0 auto;\n        padding: 20px;\n    }\n\n    h1 {\n        text-align: center;\n        color: #444;\n        margin: 20px 0;\n    }\n\n    .contact-section {\n        display: flex;\n        flex-wrap: wrap;\n        gap: 20px;\n        background: #fff;\n        padding: 20px;\n        box-shadow: 0 4px 8px rgba(0, 0, 0, 0.1);\n        border-radius: 8px;\n    }\n\n    .contact-info,\n    .factory-image {\n        flex: 1;\n        min-width: 300px;\n    }\n\n    .contact-info h2,\n    .factory-image h2 {\n        color: #555;\n        margin-top: 0;\n    }\n\n    .contact-info p {\n        margin: 8px 0;\n    }\n\n    .contact-info a {\n        color: #007BFF;\n        text-decoration: none;\n    }\n\n    .contact-info a:hover {\n        text-decoration: underline;\n    }\n\n    .factory-image img {\n        width: 100%;\n        height: auto;\n        border-radius: 8px;\n        box-shadow: 0 4px 8px rgba(0, 0, 0, 0.1);\n    }\n\n    .map {\n        text-align: center;\n        margin-top: 20px;\n    }\n\n    .map iframe {\n        display: block;\n        width: 100% !important;\n        height: 400px !important;\n        border: none;\n        border-radius: 8px;\n    }\n\n    @media (max-width: 768px) {\n        body {\n            padding-top: 120px; \/* Mobilde men\u00fc y\u00fcksekli\u011fi biraz daha fazla olabilir *\/\n        }\n    }\n<\/style>\n<\/head>\n<body>\n\n<div class=\"container\">\n    <h1>\u0130leti\u015fim<\/h1>\n    <div class=\"contact-section\">\n        <div class=\"contact-info\">\n            <h2>\u0130leti\u015fim Bilgileri<\/h2>\n            <p><strong>Eski\u015fehir Fabrika:<\/strong> 75.Y\u0131l, Organize Sanayi B\u00f6lgesi, 2007.Cd No:6, 26250 Odunpazar\u0131\/Eski\u015fehir<\/p>\n            <p><strong>Ankara Genel Merkez:<\/strong> Ostim, Ahi Evran Cd., 06374 Yenimahalle\/Ankara<\/p>\n            <p><strong>Telefon:<\/strong> <a href=\"tel:+903124260888\">(0312) 426 08 88<\/a><\/p>\n            <p><strong>E-posta:<\/strong> <a href=\"mailto:info@abrasan.com.tr\">info@abrasan.com.tr<\/a><\/p>\n        <\/div>\n        <div class=\"factory-image\">\n            <h2>Fabrikam\u0131z<\/h2>\n            <img decoding=\"async\" src=\"http:\/\/www.abrasan.com.tr\/wp-content\/uploads\/2024\/11\/Fabrika.img_.jpg\" alt=\"Fabrika G\u00f6rseli\">\n        <\/div>\n    <\/div>\n\n    <div class=\"map\">\n        <h2>Fabrikam\u0131z\u0131n Konumu<\/h2>\n        <iframe src=\"https:\/\/www.google.com\/maps\/embed?pb=!1m18!1m12!1m3!1d6287632.109156381!2d20.974422525000012!3d39.691716500000005!2m3!1f0!2f0!3f0!3m2!1i1024!2i768!4f13.1!3m3!1m2!1s0x14cc31eceb56c049%3A0x75c04dd87392a071!2zQWJyYXNhbiBBxZ_EsW5kxLFyxLFjxLEgQS7Fni4!5e0!3m2!1str!2str!4v1731881543434!5m2!1str!2str\"><\/iframe>\n    <\/div>\n<\/div>\n\n<\/body>\n<\/html>\n\n\n\n\n<p><\/p>\n","protected":false},"excerpt":{"rendered":"<p>\u0130leti\u015fim \u0130leti\u015fim \u0130leti\u015fim Bilgileri Eski\u015fehir Fabrika: 75.Y\u0131l, Organize Sanayi B\u00f6lgesi, 2007.Cd No:6, 26250 Odunpazar\u0131\/Eski\u015fehir Ankara Genel Merkez: Ostim, Ahi Evran Cd., 06374 Yenimahalle\/Ankara Telefon: (0312) 426 08 88 E-posta: info@abrasan.com.tr Fabrikam\u0131z Fabrikam\u0131z\u0131n Konumu<\/p>\n","protected":false},"author":1,"featured_media":0,"parent":0,"menu_order":0,"comment_status":"closed","ping_status":"closed","template":"","meta":{"footnotes":""},"class_list":["post-74","page","type-page","status-publish","hentry"],"yoast_head":"<!-- This site is optimized with the Yoast SEO plugin v25.6 - https:\/\/yoast.com\/wordpress\/plugins\/seo\/ -->\n<title>\u0130leti\u015fim - Abrasan<\/title>\n<meta name=\"robots\" content=\"index, follow, max-snippet:-1, max-image-preview:large, max-video-preview:-1\" \/>\n<link rel=\"canonical\" href=\"https:\/\/www.abrasan.com.tr\/index.php\/iletisim\/\" \/>\n<meta property=\"og:locale\" content=\"tr_TR\" \/>\n<meta property=\"og:type\" content=\"article\" \/>\n<meta property=\"og:title\" content=\"\u0130leti\u015fim - Abrasan\" \/>\n<meta property=\"og:description\" content=\"\u0130leti\u015fim \u0130leti\u015fim \u0130leti\u015fim Bilgileri Eski\u015fehir Fabrika: 75.Y\u0131l, Organize Sanayi B\u00f6lgesi, 2007.Cd No:6, 26250 Odunpazar\u0131\/Eski\u015fehir Ankara Genel Merkez: Ostim, Ahi Evran Cd., 06374 Yenimahalle\/Ankara Telefon: (0312) 426 08 88 E-posta: info@abrasan.com.tr Fabrikam\u0131z Fabrikam\u0131z\u0131n Konumu\" \/>\n<meta property=\"og:url\" content=\"https:\/\/www.abrasan.com.tr\/index.php\/iletisim\/\" \/>\n<meta property=\"og:site_name\" content=\"Abrasan\" \/>\n<meta property=\"article:modified_time\" content=\"2025-08-11T11:43:56+00:00\" \/>\n<meta property=\"og:image\" content=\"http:\/\/www.abrasan.com.tr\/wp-content\/uploads\/2024\/11\/Fabrika.img_.jpg\" \/>\n<meta name=\"twitter:card\" content=\"summary_large_image\" \/>\n<meta name=\"twitter:label1\" content=\"Tahmini okuma s\u00fcresi\" \/>\n\t<meta name=\"twitter:data1\" content=\"1 dakika\" \/>\n<script type=\"application\/ld+json\" class=\"yoast-schema-graph\">{\"@context\":\"https:\/\/schema.org\",\"@graph\":[{\"@type\":\"WebPage\",\"@id\":\"https:\/\/www.abrasan.com.tr\/index.php\/iletisim\/\",\"url\":\"https:\/\/www.abrasan.com.tr\/index.php\/iletisim\/\",\"name\":\"\u0130leti\u015fim - Abrasan\",\"isPartOf\":{\"@id\":\"https:\/\/www.abrasan.com.tr\/#website\"},\"primaryImageOfPage\":{\"@id\":\"https:\/\/www.abrasan.com.tr\/index.php\/iletisim\/#primaryimage\"},\"image\":{\"@id\":\"https:\/\/www.abrasan.com.tr\/index.php\/iletisim\/#primaryimage\"},\"thumbnailUrl\":\"http:\/\/www.abrasan.com.tr\/wp-content\/uploads\/2024\/11\/Fabrika.img_.jpg\",\"datePublished\":\"2024-11-16T19:28:22+00:00\",\"dateModified\":\"2025-08-11T11:43:56+00:00\",\"breadcrumb\":{\"@id\":\"https:\/\/www.abrasan.com.tr\/index.php\/iletisim\/#breadcrumb\"},\"inLanguage\":\"tr\",\"potentialAction\":[{\"@type\":\"ReadAction\",\"target\":[\"https:\/\/www.abrasan.com.tr\/index.php\/iletisim\/\"]}]},{\"@type\":\"ImageObject\",\"inLanguage\":\"tr\",\"@id\":\"https:\/\/www.abrasan.com.tr\/index.php\/iletisim\/#primaryimage\",\"url\":\"http:\/\/www.abrasan.com.tr\/wp-content\/uploads\/2024\/11\/Fabrika.img_.jpg\",\"contentUrl\":\"http:\/\/www.abrasan.com.tr\/wp-content\/uploads\/2024\/11\/Fabrika.img_.jpg\"},{\"@type\":\"BreadcrumbList\",\"@id\":\"https:\/\/www.abrasan.com.tr\/index.php\/iletisim\/#breadcrumb\",\"itemListElement\":[{\"@type\":\"ListItem\",\"position\":1,\"name\":\"Anasayfa\",\"item\":\"https:\/\/www.abrasan.com.tr\/\"},{\"@type\":\"ListItem\",\"position\":2,\"name\":\"\u0130leti\u015fim\"}]},{\"@type\":\"WebSite\",\"@id\":\"https:\/\/www.abrasan.com.tr\/#website\",\"url\":\"https:\/\/www.abrasan.com.tr\/\",\"name\":\"Abrasan\",\"description\":\"Abrasive Tools\",\"publisher\":{\"@id\":\"https:\/\/www.abrasan.com.tr\/#organization\"},\"potentialAction\":[{\"@type\":\"SearchAction\",\"target\":{\"@type\":\"EntryPoint\",\"urlTemplate\":\"https:\/\/www.abrasan.com.tr\/?s={search_term_string}\"},\"query-input\":{\"@type\":\"PropertyValueSpecification\",\"valueRequired\":true,\"valueName\":\"search_term_string\"}}],\"inLanguage\":\"tr\"},{\"@type\":\"Organization\",\"@id\":\"https:\/\/www.abrasan.com.tr\/#organization\",\"name\":\"Abrasan A.\u015e.\",\"url\":\"https:\/\/www.abrasan.com.tr\/\",\"logo\":{\"@type\":\"ImageObject\",\"inLanguage\":\"tr\",\"@id\":\"https:\/\/www.abrasan.com.tr\/#\/schema\/logo\/image\/\",\"url\":\"https:\/\/www.abrasan.com.tr\/wp-content\/uploads\/2024\/08\/Abrasan-Logo2_dar_preview_rev_1.png\",\"contentUrl\":\"https:\/\/www.abrasan.com.tr\/wp-content\/uploads\/2024\/08\/Abrasan-Logo2_dar_preview_rev_1.png\",\"width\":358,\"height\":320,\"caption\":\"Abrasan A.\u015e.\"},\"image\":{\"@id\":\"https:\/\/www.abrasan.com.tr\/#\/schema\/logo\/image\/\"},\"sameAs\":[\"https:\/\/maps.app.goo.gl\/1SeEmbyreLxx5mQ59\"]}]}<\/script>\n<!-- \/ Yoast SEO plugin. -->","yoast_head_json":{"title":"\u0130leti\u015fim - Abrasan","robots":{"index":"index","follow":"follow","max-snippet":"max-snippet:-1","max-image-preview":"max-image-preview:large","max-video-preview":"max-video-preview:-1"},"canonical":"https:\/\/www.abrasan.com.tr\/index.php\/iletisim\/","og_locale":"tr_TR","og_type":"article","og_title":"\u0130leti\u015fim - Abrasan","og_description":"\u0130leti\u015fim \u0130leti\u015fim \u0130leti\u015fim Bilgileri Eski\u015fehir Fabrika: 75.Y\u0131l, Organize Sanayi B\u00f6lgesi, 2007.Cd No:6, 26250 Odunpazar\u0131\/Eski\u015fehir Ankara Genel Merkez: Ostim, Ahi Evran Cd., 06374 Yenimahalle\/Ankara Telefon: (0312) 426 08 88 E-posta: info@abrasan.com.tr Fabrikam\u0131z Fabrikam\u0131z\u0131n Konumu","og_url":"https:\/\/www.abrasan.com.tr\/index.php\/iletisim\/","og_site_name":"Abrasan","article_modified_time":"2025-08-11T11:43:56+00:00","og_image":[{"url":"http:\/\/www.abrasan.com.tr\/wp-content\/uploads\/2024\/11\/Fabrika.img_.jpg","type":"","width":"","height":""}],"twitter_card":"summary_large_image","twitter_misc":{"Tahmini okuma s\u00fcresi":"1 dakika"},"schema":{"@context":"https:\/\/schema.org","@graph":[{"@type":"WebPage","@id":"https:\/\/www.abrasan.com.tr\/index.php\/iletisim\/","url":"https:\/\/www.abrasan.com.tr\/index.php\/iletisim\/","name":"\u0130leti\u015fim - Abrasan","isPartOf":{"@id":"https:\/\/www.abrasan.com.tr\/#website"},"primaryImageOfPage":{"@id":"https:\/\/www.abrasan.com.tr\/index.php\/iletisim\/#primaryimage"},"image":{"@id":"https:\/\/www.abrasan.com.tr\/index.php\/iletisim\/#primaryimage"},"thumbnailUrl":"http:\/\/www.abrasan.com.tr\/wp-content\/uploads\/2024\/11\/Fabrika.img_.jpg","datePublished":"2024-11-16T19:28:22+00:00","dateModified":"2025-08-11T11:43:56+00:00","breadcrumb":{"@id":"https:\/\/www.abrasan.com.tr\/index.php\/iletisim\/#breadcrumb"},"inLanguage":"tr","potentialAction":[{"@type":"ReadAction","target":["https:\/\/www.abrasan.com.tr\/index.php\/iletisim\/"]}]},{"@type":"ImageObject","inLanguage":"tr","@id":"https:\/\/www.abrasan.com.tr\/index.php\/iletisim\/#primaryimage","url":"http:\/\/www.abrasan.com.tr\/wp-content\/uploads\/2024\/11\/Fabrika.img_.jpg","contentUrl":"http:\/\/www.abrasan.com.tr\/wp-content\/uploads\/2024\/11\/Fabrika.img_.jpg"},{"@type":"BreadcrumbList","@id":"https:\/\/www.abrasan.com.tr\/index.php\/iletisim\/#breadcrumb","itemListElement":[{"@type":"ListItem","position":1,"name":"Anasayfa","item":"https:\/\/www.abrasan.com.tr\/"},{"@type":"ListItem","position":2,"name":"\u0130leti\u015fim"}]},{"@type":"WebSite","@id":"https:\/\/www.abrasan.com.tr\/#website","url":"https:\/\/www.abrasan.com.tr\/","name":"Abrasan","description":"Abrasive Tools","publisher":{"@id":"https:\/\/www.abrasan.com.tr\/#organization"},"potentialAction":[{"@type":"SearchAction","target":{"@type":"EntryPoint","urlTemplate":"https:\/\/www.abrasan.com.tr\/?s={search_term_string}"},"query-input":{"@type":"PropertyValueSpecification","valueRequired":true,"valueName":"search_term_string"}}],"inLanguage":"tr"},{"@type":"Organization","@id":"https:\/\/www.abrasan.com.tr\/#organization","name":"Abrasan A.\u015e.","url":"https:\/\/www.abrasan.com.tr\/","logo":{"@type":"ImageObject","inLanguage":"tr","@id":"https:\/\/www.abrasan.com.tr\/#\/schema\/logo\/image\/","url":"https:\/\/www.abrasan.com.tr\/wp-content\/uploads\/2024\/08\/Abrasan-Logo2_dar_preview_rev_1.png","contentUrl":"https:\/\/www.abrasan.com.tr\/wp-content\/uploads\/2024\/08\/Abrasan-Logo2_dar_preview_rev_1.png","width":358,"height":320,"caption":"Abrasan A.\u015e."},"image":{"@id":"https:\/\/www.abrasan.com.tr\/#\/schema\/logo\/image\/"},"sameAs":["https:\/\/maps.app.goo.gl\/1SeEmbyreLxx5mQ59"]}]}},"_links":{"self":[{"href":"https:\/\/www.abrasan.com.tr\/index.php\/wp-json\/wp\/v2\/pages\/74","targetHints":{"allow":["GET"]}}],"collection":[{"href":"https:\/\/www.abrasan.com.tr\/index.php\/wp-json\/wp\/v2\/pages"}],"about":[{"href":"https:\/\/www.abrasan.com.tr\/index.php\/wp-json\/wp\/v2\/types\/page"}],"author":[{"embeddable":true,"href":"https:\/\/www.abrasan.com.tr\/index.php\/wp-json\/wp\/v2\/users\/1"}],"replies":[{"embeddable":true,"href":"https:\/\/www.abrasan.com.tr\/index.php\/wp-json\/wp\/v2\/comments?post=74"}],"version-history":[{"count":22,"href":"https:\/\/www.abrasan.com.tr\/index.php\/wp-json\/wp\/v2\/pages\/74\/revisions"}],"predecessor-version":[{"id":184,"href":"https:\/\/www.abrasan.com.tr\/index.php\/wp-json\/wp\/v2\/pages\/74\/revisions\/184"}],"wp:attachment":[{"href":"https:\/\/www.abrasan.com.tr\/index.php\/wp-json\/wp\/v2\/media?parent=74"}],"curies":[{"name":"wp","href":"https:\/\/api.w.org\/{rel}","templated":true}]}}